 0 = -7. What is the highest common factor of p and 3?
1
Suppose 336 = -39*x + 43*x. Calculate the greatest common divisor of 36 and x.
12
Let v be (34/((-4)/2))/(-1). Let p = v - 12. What is the highest common divisor of p and 2?
1
Let m be 2/(-4) + (-86)/(-4). Suppose 0 = 2*v - 5*b - 76, b = -5*v + 5*b + 156. Let z be (6/(-6))/((-2)/v). What is the greatest common divisor of z and m?
7
Suppose 19*w - 19 - 551 = 0. Calculate the greatest common factor of 390 and w.
30
Suppose -42 = 5*r - 3*c, -5*c = -0*r - 2*r - 32. Let y = 44 - r. What is the greatest common divisor of 20 and y?
10
Suppose -i - i + 378 = 0. Let k be (21/(-15))/(4/60*-1). Calculate the greatest common factor of k and i.
21
Suppose -5*a + 2762 = 4*i, 4*i + 89 - 101 = 0. What is the greatest common factor of a and 11?
11
Suppose 2*a = -4*l + 30, 23 = 5*a + l - 4*l. Let b(f) = -4*f - f - 2*f + f**2 + 4 + 1. Let i be b(a). What is the highest common divisor of i and 55?
5
Let l(t) = -2*t**2 - 52*t + 7. Let y be l(-26). What is the highest common divisor of 63 and y?
7
Suppose 0 = 12*k - 3*k + 531. Let h = 70 + k. What is the greatest common factor of 44 and h?
11
Suppose -38 = n - 2. Let p = 96 + n. What is the greatest common divisor of 40 and p?
20
Let f = -281 + 528. Suppose 2*g + 0*m = 3*m + f, g = m + 125. What is the highest common factor of 16 and g?
16
Suppose -8*i + i = -1078. What is the highest common factor of 44 and i?
22
Let u = 12 + -9. Let p = 1 + 2. What is the highest common divisor of p and u?
3
Let t(b) = -11*b**2 + 2*b + 1. Let g be t(-1). Let l be ((-3)/(-3))/(3/g). Let x be 2/l + 228/8. Calculate the highest common factor of 7 and x.
7
Let v = 485 - 373. Calculate the highest common factor of 32 and v.
16
Suppose 5*x + 505 = -210. Let u = x + 206. What is the highest common factor of 9 and u?
9
Let v be (76/(-6))/((-4)/18). Let p be (0 - -1)*-3*(-112)/24. Let m be (0 + 2 - 2) + 532/p. What is the highest common factor of v and m?
19
Let c(m) = m + 1. Let j be c(7). Let v(q) = -q**3 + 6*q**2 + 16*q + 2. Let b be v(j). What is the highest common divisor of b and 18?
2
Suppose 2*g + z = -4, 0*g - 2*g - 20 = 5*z. Let y(f) = 9*f**2 - f + 2. Let u be y(2). Suppose g*w + u = 3*w. Calculate the highest common factor of 24 and w.
12
Let l = -22 + 27. Suppose 9*u = 6*u. Suppose u*n = -l*n + 275. Calculate the greatest common divisor of n and 22.
11
Let x = -142 - -257. Calculate the highest common factor of x and 5.
5
Let i = 288 - 270. What is the greatest common divisor of i and 90?
18
Let k = 94 - 64. Suppose 4*i = 15 - 11. Let j be (156/2)/i - (-9)/(-3). Calculate the highest common factor of k and j.
15
Let d = -2 - -3. Let m(v) = -v**3 + v. Let c(b) = -2*b**3 + 4*b**2 + 1. Let h(f) = -c(f) + 3*m(f). Let r be h(-5). What is the highest common factor of d and r?
1
Let n = 1 - 9. Let k be ((-11)/4)/(2/n). Suppose -5*g + 168 = 3*v - 113, 2*g = 5*v + 100. Calculate the highest common factor of k and g.
11
Let w be 10*49/14 + (-3)/1. What is the greatest common factor of 4 and w?
4
Suppose -125 + 29 = 4*h. Let c be (h/2)/(6/(-8)). Suppose 53*b + 797 - 1445 - 2744 = 0. What is the greatest common divisor of c and b?
16
Let k = -85 - -133. Let p(w) = -3*w - 23. Let z be p(-13). Calculate the greatest common divisor of z and k.
16
Let d = 24 - 22. Let h(z) = z**3 + 10*z**2 + 8*z - 5. Let j = -25 + 16. Let v be h(j). What is the greatest common factor of d and v?
2
Let q be (2/((-36)/(-102)))/((-8)/(-24)). Calculate the greatest common divisor of q and 1717.
17
Let t = 1876 + -1816. What is the highest common divisor of 132 and t?
12
Let n(g) = 3*g**2 - 16*g + 152. Let j be n(8). Calculate the highest common factor of 168 and j.
24
Let m(i) = i**3 - 18*i**2 + 36*i - 39. Let x be m(16). Calculate the greatest common factor of 15 and x.
5
Let z be -8 + 0 + 3 + -1 - -30. Calculate the highest common divisor of 204 and z.
12
Let g = -186 - -273. Let p = -51 + g. Calculate the greatest common divisor of 90 and p.
18
Suppose -4*g = -a - 87, -4*g + a - 2*a = -81. Let c(r) = 11*r**2 - 4*r + 8. Let u be c(4). What is the greatest common factor of u and g?
21
Suppose -7 - 4 = -b. Let f(t) = -2*t**2 + 87*t + 605. Let g be f(-6). Calculate the highest common factor of g and b.
11
Suppose -4*o = -4*i + 64, 0*o + 45 = 3*i - 4*o. Let t be i - (0 + 2) - 1. Suppose 0 = 4*x - 149 + 21. Calculate the highest common divisor of t and x.
16
Let m = 700 + -693. Calculate the greatest common factor of 8 and m.
1
Suppose -17*l - 72 = -293. Calculate the greatest common divisor of 377 and l.
13
Let b be 3*(2 + 96/9). Let w = -17 + 74. Calculate the highest common factor of w and b.
19
Suppose -28*j + 43 = -69. Calculate the highest common factor of 54 and j.
2
Let u be (1 + 1)/((-1)/(-1)). Suppose -u*d - 2*d - 24 = 0. Let g be 3/(-3) - (d + 0). Calculate the greatest common factor of 45 and g.
5
Let t = 29 - -7. Let z = 8 + -6. Suppose 2*i = -2*i - z*y + 28, i - 14 = -4*y. Calculate the greatest common factor of t and i.
6
Let w(r) = r + 1. Let x(u) = 4*u**2 - 6*u - 4. Let b(n) = 3*w(n) + x(n). Let h be b(-3). Calculate the highest common factor of h and 4.
4
Let g(a) = a**3 + 12*a**2 - 6*a + 6. Let o be g(-12). What is the highest common factor of 39 and o?
39
Let w = -9 + 19. Let k(q) = 4*q - 58. Let x be k(15). What is the greatest common factor of x and w?
2
Suppose 3*b - 6*f = -2*f + 10, 5*b - 3*f = 35. Calculate the highest common divisor of 80 and b.
10
Suppose 6*s = 10*s + 3*m - 2174, 4*s - m = 2182. Calculate the greatest common divisor of 763 and s.
109
Let x = 14 - 6. Let b(d) = -3*d**2 + 123*d + 142. Let p be b(42). Calculate the greatest common factor of p and x.
8
Let p(o) = 8*o - 5. Suppose 4 = c + 3*c. Let h(m) = -m. Let q(t) = c*p(t) + 2*h(t). Let a be q(5). Calculate the greatest common factor of 5 and a.
5
Suppose -8*v + 5*v + 48 = 0. Let f = 19 - v. Let l be f/2*(-230)/(-15). What is the highest common factor of l and 207?
23
Let p = 18 - 20. Let s be (-7 - p)/(2/(-4)). Let b be 315/s - 12/8. Calculate the highest common factor of b and 20.
10
Suppose 0 = 29*a - 1464 + 304. Calculate the greatest common factor of a and 980.
20
Let t = 17 - 13. Suppose 4*j + h - 8 = 0, t*j = -2*h + 5*h + 24. What is the highest common divisor of j and 33?
3
Suppose -4*x = 4*c - 2*x - 148, -4*c = 3*x - 146. What is the greatest common factor of c and 418?
38
Suppose -10 = 5*h + r, -6 = h + 2*h + r. Let v be h/(30/(-27) + 1). Suppose 0 = -v*p + 19*p - 7. Calculate the greatest common divisor of 77 and p.
7
Let z be 620/(-30)*(-6)/4. Let r = 41 - z. Calculate the highest common factor of r and 20.
10
Let q = 205 + -129. Calculate the highest common divisor of q and 57.
19
Suppose 0*c - 4*c - 40 = 0. Let b(v) = -17*v. Let g be b(c). What is the highest common factor of g and 68?
34
Suppose -18*r + 25548 + 13116 = 0. Calculate the greatest common factor of r and 36.
12
Let n be ((-1030)/(-12))/(7/(-42)*-1). What is the highest common divisor of n and 103?
103
Let j be 0*(-3 + 4)/(-1). Suppose j = f - 32 - 32. Suppose -i = 4*i - q - 38, -10 = -5*q. Calculate the greatest common factor of f and i.
8
Suppose 7*g = 1258 + 338. Suppose -4*u + g = -4*a, -5*a - 73 = 4*u - 274. What is the highest common divisor of 36 and u?
18
Let y be (-63)/(-6) - (-3)/(-6). Let r be 48/y*(2 - -3). Let q(g) = -g**3 + 5*g**2 + 8*g - 9. Let a be q(6). What is the greatest common divisor of r and a?
3
Suppose 0 = 5*u + 200 + 165. Let s = u + 136. What is the greatest common factor of s and 7?
7
Let v = -111 - -117. Suppose -12*i - v + 198 = 0. What is the highest common divisor of i and 64?
16
Let h be ((-2)/2)/4 + (-469)/(-4). Suppose 25*q - 22*q = h. What is the greatest common factor of q and 78?
39
Let z be 2/4*(-24)/(-4). Let h = z + 18. Let w = h + -1. Calculate the greatest common divisor of 50 and w.
10
Let u(g) be the third derivative of g**6/120 + 11*g**5/60 - g**4 + 2*g**3/3 + 10*g**2. Let c be u(-10). What is the highest common factor of 43 and c?
43
Suppose 87*j = 85*j + 110. Calculate the highest common divisor of j and 880.
55
Suppose 0 = -9*t + 900 + 3492. What is the greatest common factor of 183 and t?
61
Suppose -2*t = 2*z - 160, 244 = -4*z + 7*z + 5*t. Calculate the greatest common divisor of 6 and z